 - 15 = -p*u, u = l + 4. Suppose -47 = -2*a - 3*o, -a - u*o + 17 = -11. What are the prime factors of a?
19
Let f = -5 + 17. Suppose -6*h + 240 - f = 0. List the prime factors of h.
2, 19
Let p = 44 + -36. Suppose 1135 = p*h - 513. List the prime factors of h.
2, 103
Let q(y) = -y**3 + 11*y**2 - 16*y + 36. Let l be q(8). Suppose 0 = -127*w + 132*w - l. What are the prime factors of w?
2, 5
What are the prime factors of ((-5468)/(-8))/(49/(-14) - -4)?
1367
List the prime factors of (1042/12)/((-8)/(-24))*2.
521
Let k = 109 - 107. What are the prime factors of -3 + 20/4*(k + 5)?
2
Suppose 8*r - 370 = 3*r. Let s(k) = -16*k. Let d be s(2). Let p = d + r. List the prime factors of p.
2, 3, 7
Let j = 12 - -4. Suppose -10*u = -8*u - 50. Let k = u - j. List the prime factors of k.
3
Let u = 21 - 17. List the prime factors of u - (-2)/(-2) - -45.
2, 3
Let u(h) = h + 4. Suppose 0 = -8*o + 4*o - 16. Let a be u(o). Suppose a = -3*r - r + 192. What are the prime factors of r?
2, 3
Let o = -26 + 28. Suppose 0 = o*m, -m = 2*i + i + 90. Let s = -25 - i. List the prime factors of s.
5
Let h be 1 + 3 - (-3 - -6). Suppose y + h = 5. Suppose z + y*i - 7 = 2*z, 2*i = z - 1. What are the prime factors of z?
3
Let f = 73 - 8. Suppose q = d + 4*d - f, 3*d = q + 39. Let a = 43 - d. What are the prime factors of a?
2, 3, 5
Let z be 88/(-6) + (-2)/(-3). Let q be 1 + 2 + (-14)/1*1. Let p = q - z. List the prime factors of p.
3
Suppose 0 = -2*b - 12*b + 2954. List the prime factors of b.
211
Suppose 0 = -4*y - 19 + 51. Suppose 0 = -y*b + 7*b + 56. What are the prime factors of b?
2, 7
Let a be (16/(-10))/((-4)/(-10)). What are the prime factors of (a + 2 + 8)*1?
2, 3
Let y(w) = -1. Let m(r) = 6*r + 14. Let h(u) = 2*m(u) + 14*y(u). List the prime factors of h(8).
2, 5, 11
Suppose -6*s + 31 = -29. Let m = s - -24. Suppose -3*a + m = 2*o, -2*o = a - o - 10. List the prime factors of a.
2, 7
Let u(t) = t**2 - 13*t + 3. Let f be u(13). Let m be (2/f)/(1/3). Suppose -3*c + m*b = 2 - 3, -3*c + 4*b = 7. List the prime factors of c.
3
Suppose -h = 4*a - 111 - 221, 1260 = 4*h - a. What are the prime factors of h?
2, 79
Suppose -2 = -2*y + 4. Let d(m) = -m**2 - 12*m - 17. Let o be d(-11). List the prime factors of 279/o*(-2)/y.
31
Suppose -18 = 8*r + 70. Let c be 1 + 1 - (-1 + 1). Let p = c - r. What are the prime factors of p?
13
Suppose -131 = -3*t + 4*x, 0 = -5*t + 5*x - 3*x + 223. What are the prime factors of 2870/t + -4 + (-2)/(-9)?
2, 3, 5
What are the prime factors of (-30)/(-4)*2574/65?
3, 11
What are the prime factors of 1/(-4) - 672837/(-132)?
3, 1699
Suppose 0 = i - 2*o - 5, 3*i - o = 30 - 5. Suppose 3*s - i*s = -18. Suppose -s*v = 3*v - 12. List the prime factors of v.
2
Let i = -12 - -17. Suppose -31 - 42 = i*y + x, -x + 11 = -y. Let b = 29 + y. What are the prime factors of b?
3, 5
Suppose 38 = 4*n + 14. Suppose -k - 13 = -v, -5*v - k = k - 58. Suppose -n = d - v. List the prime factors of d.
2, 3
Suppose -3*l = -l - 3*z + 34, l + 22 = -z. Let d be (3/2)/(3/(-84)). Let r = l - d. List the prime factors of r.
2, 11
Let t be (6 - 2) + 0 - 1. Let p be (105/(-9))/(1/t). Let r = p + 64. What are the prime factors of r?
29
Let f be 2 + 2*(-2)/(-4). Let b(c) = -f + 4*c - c**3 + 3 - 3*c**2 - 5 + 0*c**3. What are the prime factors of b(-5)?
5
Let n = -457 + 911. What are the prime factors of n?
2, 227
Let x(q) = 7*q - 4 - 4*q + q + 3*q**2. What are the prime factors of x(-5)?
3, 17
Suppose 329 + 5953 = 9*z. List the prime factors of z.
2, 349
Suppose -4*j - 5 = -33. Let l(f) = -f**2 + 17*f - 6. List the prime factors of l(j).
2
Suppose 22 = 2*x + v - 36, -20 = -5*v. List the prime factors of x.
3
Suppose -9*v + 8*v + 1086 = z, -3*v + 3252 = 5*z. What are the prime factors of v?
3, 11
Let l be (4/6)/(-1) + 290/(-87). Let w(j) = 2 - 1 - j**3 + 3*j - 4*j**2 - 7*j. List the prime factors of w(l).
17
Suppose -v + 10 = 6*o - 4*o, -34 = -3*v - 5*o. Suppose 2*l - 5*x = 4*l - v, -22 = -2*l - 3*x. What are the prime factors of l?
2, 7
Let b(r) = 4*r - 48. Let j be b(20). What are the prime factors of -24*44/j*-2?
2, 3, 11
Let u(b) = b**3 + 8*b**2 - 8*b + 9. Let l be u(-9). Suppose -5*p - i + 88 + 212 = 0, l = -3*i. List the prime factors of p.
2, 3, 5
Let g = 470 + 114. What are the prime factors of g?
2, 73
Suppose -2*o - 102 = -5*o. Suppose 18*j + o = 20*j. List the prime factors of j.
17
Let r(v) = v**2 + 9*v - 6. Let i be r(-10). What are the prime factors of 56 - (i - 8 - -8)?
2, 13
Suppose 5*z = 3*t + 67, 0 = -t - 2*t - 12. Let l(r) = r**3 - 9*r**2 - 19*r - 9. What are the prime factors of l(z)?
2, 3
Suppose 1514 = g + 5*i, -4*g - 4570 = -7*g - i. List the prime factors of g.
2, 3, 127
Let o = -44 - -80. Suppose 2*j + 0 = o. List the prime factors of (-3)/(-4 - -1)*j.
2, 3
Suppose 0 = -3*m + 44 + 4. Suppose -30 = -2*y - 4*l, -y = -5*y + 3*l + m. Suppose 5*q + x = 97, -x - 30 = -q - y. List the prime factors of q.
2, 5
Let f be (0/(-1))/2 + 4. Suppose -f*h - 30 = -2*g, 2*h + 25 = g - 2*h. List the prime factors of g.
5
Let q = 381 - 329. Let u(o) = 12*o - 1. Let a be u(4). Suppose s - q = -h, 0 = 2*s - 4*h - 33 - a. List the prime factors of s.
2, 3
Let g(r) = 61*r + 153. List the prime factors of g(7).
2, 5, 29
Suppose 5*c + 81 - 256 = -5*n, c - 4*n = 30. Suppose -4*l + 3*l = -c. Let h = l + -17. List the prime factors of h.
17
Suppose x = 1 + 3. What are the prime factors of (-348)/(-9) + x/(-6)?
2, 19
Suppose 0 = -5*x + 14 + 6. What are the prime factors of x/12 - (-80)/3?
3
Let u(d) = d**3 + 7*d + 0*d + 5*d**2 - 2*d**3 - 6. Let n be u(6). Suppose 136 = 4*q - n*q. What are the prime factors of q?
2, 17
Let c be 3/5 + (-70)/(-50). Suppose -d = c*n - 23, -2*d - 2*n = -0*n - 46. List the prime factors of d.
23
Let o(w) = w**2 + 9*w + 9. Let r be o(-8). List the prime factors of ((-1)/r)/((-1)/(-123)*-1).
3, 41
Let x(s) = -s**3 - 35*s**2 + 24*s - 256. List the prime factors of x(-36).
2, 11
Let f = -253 + 178. Let t = 174 + f. What are the prime factors of t?
3, 11
Suppose 0*l = -2*r + 4*l + 428, l = 3*r - 617. List the prime factors of 1/(r/(-208) + 1).
2, 13
Let u(x) be the third derivative of -x**5/60 - 11*x**4/24 - x**3 - 25*x**2. Suppose 1 = -2*s - 11. What are the prime factors of u(s)?
2, 3
Let m = -946 + 2039. What are the prime factors of m?
1093
Suppose 0*p + p - 3*m + 11 = 0, -4*p + 5*m - 30 = 0. List the prime factors of (-30)/p*15/2.
3, 5
Suppose w + 2*w - 369 = -4*f, -465 = -5*f - 5*w. Suppose 0 = 3*v - 9*v + f. Suppose 6*b - v = 3*b. What are the prime factors of b?
5
Suppose a + 74 = 3*m - 3*a, 116 = 5*m - 3*a. Suppose -4*y + m = l, 4*l - 4*y = -8*y + 124. List the prime factors of l.
2, 17
Let c(m) = m + 9. Let l be c(-7). Suppose 5*i - 103 = l. Let p = i + 10. What are the prime factors of p?
31
Let c = 7087 + -4008. What are the prime factors of c?
3079
Let b = 51 - 60. Let g = 17 - b. What are the prime factors of g?
2, 13
Suppose 5*x - 1989 = -8*x. List the prime factors of x.
3, 17
Suppose 23*n = 71*n - 155808. List the prime factors of n.
2, 3, 541
Let n(f) = f**3 + f**2 + f + 65. Let h be n(0). Let b = -1 + h. Suppose -22 + b = 3*q. List the prime factors of q.
2, 7
Let y = 69 + -25. Let r = 52 - y. What are the prime factors of r?
2
Let r(z) = z**2 - 2*z - 4. Let y be r(4). Suppose -4*d + 3*o + 304 = 0, -y*d + 0*o = 2*o - 304. What are the prime factors of d?
2, 19
Let l(u) = u**2 + 5*u + 10. Let n be l(-6). Suppose 98 + n = 2*b. List the prime factors of b.
3, 19
What are the prime factors of (-1 + 442)*6*(-6)/(-27)?
2, 3, 7
Let s = 1395 - 782. Let r = s + -431. What are the prime factors of r?
2, 7, 13
Suppose 6089 = 4*o - 5*q - 10803, 0 = -5*q. List the prime factors of o.
41, 103
Suppose 0 = -11*k + 9*k - 3*p + 1088, 2*k + 5*p - 1080 = 0. What are the prime factors of k?
2, 5, 11
Let x(w) = 16*w**2 - 2. Let v be (4 + -3)/((-3)/6). What are the prime factors of x(v)?
2, 31
Suppose 0 = 8*y - 15018 - 13998. List the prime factors of y.
3, 13, 31
Let r(q) = -q**2 - 8*q - 2. Let a(w) = -6*w - 1. Let n(b) = 6*a(b) - 5*r(b). Let i(p) = -2*p**2 - 4*p - 2. Let z be i(-2). List the prime factors of n(z).
2
Let n = 418 - 126. List the prime factors of n.
2, 73
Suppose -4*b = 2*x - 14, -8 = 2*b - 3*x - 3. Suppose b*f - 252 = -2*f. What are the prime factors of 